 factors of 2117.
29, 73
List the prime factors of 3099.
3, 1033
What are the prime factors of 5762?
2, 43, 67
What are the prime factors of 30013?
30013
What are the prime factors of 1999?
1999
What are the prime factors of 262?
2, 131
What are the prime factors of 85?
5, 17
List the prime factors of 767.
13, 59
List the prime factors of 1783.
1783
What are the prime factors of 3708?
2, 3, 103
List the prime factors of 1517.
37, 41
What are the prime factors of 72146?
2, 36073
What are the prime factors of 6450?
2, 3, 5, 43
List the prime factors of 17619.
3, 7, 839
What are the prime factors of 1497?
3, 499
What are the prime factors of 927?
3, 103
List the prime factors of 5897.
5897
List the prime factors of 582.
2, 3, 97
List the prime factors of 370.
2, 5, 37
List the prime factors of 71244.
2, 3, 1979
What are the prime factors of 19341?
3, 7, 307
What are the prime factors of 155536?
2, 9721
List the prime factors of 1333.
31, 43
List the prime factors of 1708.
2, 7, 61
What are the prime factors of 2?
2
List the prime factors of 44704.
2, 11, 127
What are the prime factors of 2278?
2, 17, 67
What are the prime factors of 4721?
4721
List the prime factors of 142659.
3, 11, 131
What are the prime factors of 12493?
13, 31
What are the prime factors of 85506?
2, 3, 14251
What are the prime factors of 19856?
2, 17, 73
What are the prime factors of 1384?
2, 173
List the prime factors of 553.
7, 79
List the prime factors of 63840.
2, 3, 5, 7, 19
What are the prime factors of 1842?
2, 3, 307
List the prime factors of 321.
3, 107
What are the prime factors of 1167?
3, 389
List the prime factors of 2758.
2, 7, 197
List the prime factors of 4373.
4373
List the prime factors of 590.
2, 5, 59
List the prime factors of 4029.
3, 17, 79
What are the prime factors of 2274?
2, 3, 379
List the prime factors of 21862.
2, 17, 643
List the prime factors of 125194.
2, 62597
List the prime factors of 3866.
2, 1933
List the prime factors of 22345.
5, 41, 109
What are the prime factors of 40741?
131, 311
List the prime factors of 82164.
2, 3, 41, 167
List the prime factors of 602.
2, 7, 43
List the prime factors of 29815.
5, 67, 89
List the prime factors of 388.
2, 97
List the prime factors of 2391.
3, 797
What are the prime factors of 97?
97
What are the prime factors of 4234?
2, 29, 73
List the prime factors of 47302.
2, 67, 353
List the prime factors of 2349.
3, 29
What are the prime factors of 6427?
6427
What are the prime factors of 31085?
5, 6217
What are the prime factors of 6091?
6091
What are the prime factors of 139096?
2, 17387
List the prime factors of 119677.
119677
List the prime factors of 602.
2, 7, 43
What are the prime factors of 4352?
2, 17
What are the prime factors of 13010?
2, 5, 1301
List the prime factors of 111693.
3, 31, 1201
List the prime factors of 1522.
2, 761
What are the prime factors of 36023?
13, 17, 163
What are the prime factors of 32285?
5, 11, 587
What are the prime factors of 4057?
4057
List the prime factors of 92231.
149, 619
What are the prime factors of 17912?
2, 2239
What are the prime factors of 90?
2, 3, 5
List the prime factors of 156166.
2, 113, 691
List the prime factors of 11847.
3, 11, 359
List the prime factors of 62940.
2, 3, 5, 1049
List the prime factors of 6898.
2, 3449
List the prime factors of 16768.
2, 131
List the prime factors of 13041.
3, 7, 23
List the prime factors of 2673.
3, 11
What are the prime factors of 5492?
2, 1373
What are the prime factors of 1000?
2, 5
What are the prime factors of 17304?
2, 3, 7, 103
What are the prime factors of 280?
2, 5, 7
What are the prime factors of 680?
2, 5, 17
List the prime factors of 1211.
7, 173
What are the prime factors of 3648?
2, 3, 19
List the prime factors of 80649.
3, 29, 103
List the prime factors of 32706.
2, 3, 23, 79
What are the prime factors of 34301?
34301
What are the prime factors of 113847?
3, 137, 277
What are the prime factors of 30260?
2, 5, 17, 89
What are the prime factors of 500?
2, 5
What are the prime factors of 2508?
2, 3, 11, 19
List the prime factors of 6428.
2, 1607
List the prime factors of 7140.
2, 3, 5, 7, 17
What are the prime factors of 160176?
2, 3, 47, 71
List the prime factors of 1637.
1637
What are the prime factors of 241?
241
What are the prime factors of 17794?
2, 7, 31, 41
List the prime factors of 51167.
19, 2693
What are the prime factors of 577?
577
List the prime factors of 648.
2, 3
What are the prime factors of 7716?
2, 3, 643
What are the prime factors of 677?
677
List the prime factors of 782.
2, 17, 23
List the prime factors of 46389.
3, 7, 47
What are the prime factors of 15252?
2, 3, 31, 41
List the prime factors of 1081.
23, 47
List the prime factors of 17088.
2, 3, 89
What are the prime factors of 7945?
5, 7, 227
What are the prime factors of 6909?
3, 7, 47
What are the prime factors of 13494?
2, 3, 13, 173
What are the prime factors of 162049?
347, 467
What are the prime factors of 11142?
2, 3, 619
List the prime factors of 133.
7, 19
What are the prime factors of 132734?
2, 7, 19, 499
What are the prime factors of 2918?
2, 1459
List the prime factors of 11841.
3, 3947
What are the prime factors of 1847?
1847
What are the prime factors of 21954?
2, 3, 3659
What are the prime factors of 1664?
2, 13
What are the prime factors of 44714?
2, 79, 283
List the prime factors of 19199.
73, 263
List the prime factors of 1451.
1451
List the prime factors of 5832.
2, 3
List the prime factors of 11205.
3, 5, 83
What are the prime factors of 1987?
1987
List the prime factors of 2366.
2, 7, 13
What are the prime factors of 1508?
2, 13, 29
What are the prime factors of 1644?
2, 3, 137
List the prime factors of 88410.
2, 3, 5, 7, 421
What are the prime factors of 4291?
7, 613
List the prime factors of 1997.
1997
What are the prime factors of 1124?
2, 281
List the prime factors of 312.
2, 3, 13
List the prime factors of 3084.
2, 3, 257
List the prime factors of 2526.
2, 3, 421
List the prime factors of 627.
3, 11, 19
List the prime factors of 1220.
2, 5, 61
What are the prime factors of 11287?
11287
What are the prime factors of 14612?
2, 13, 281
List the prime factors of 25840.
2, 5, 17, 19
List the prime factors of 2336.
2, 73
What are the prime factors of 371?
7, 53
What are the prime factors of 1347?
3, 449
List the prime factors of 4634.
2, 7, 331
What are the prime factors of 23913?
3, 2657
List the prime factors of 44027.
44027
List the prime factors of 51755.
5, 11, 941
List the prime factors of 67076.
2, 41, 409
What are the prime factors of 1871?
1871
List the prime factors of 885.
3, 5, 59
List the prime factors of 1414.
2, 7, 101
What are the prime factors of 25735?
5, 5147
What are the prime factors of 12494?
2, 6247
List the prime factors of 1325.
5, 53
List the prime factors of 21097.
17, 73
What are the prime factors of 125568?
2, 3, 109
What are the prime factors of 20109?
3, 6703
What are the prime factors of 1974?
2, 3, 7, 47
List the prime factors of 12366.
2, 3, 229
List the prime factors of 112246.
2, 56123
List the prime factors of 46217.
113, 409
What are the prime factors of 21155?
5, 4231
List the prime factors of 4312.
2, 7, 11
List the prime factors of 759.
3, 11, 23
What are the prime factors of 2012?
2, 503
What are the prime factors of 1120?
2, 5, 7
List the prime factors of 1088.
2, 17
What are the prime factors of 56060?
2, 5, 2803
What are the prime factors of 75118?
2, 23, 71
What are the prime factors of 67133?
11, 17, 359
What are the prime factors of 4687?
43, 109
List the prime factors of 6658.
2, 3329
What are the prime factors of 3906?
2, 3, 7, 31
List the prime factors of 3686.
2, 19, 97
What are the prime factors of 739?
739
List the prime factors of 38147.
37, 1031
List the prime factors of 5988.
2, 3, 499
What are the prime factors of 22175?
5, 887
List the prime factors of 15722.
2, 7, 1123
What are the prime factors of 692?
2, 173
List the prime factors of 1391.
13, 107
List the prime factors of 92799.
3, 7, 491
What are the prime factors of 30467?
30467
What are the prime factors of 928?
2, 29
What are the prime factors of 971?
971
List the prime factors of 144682.
2, 72341
What are the prime factors of 6375?
3, 5, 17
List the prime factors of 21661.
21661
What are th